{"id":415,"date":"2024-01-20T22:55:56","date_gmt":"2024-01-20T21:55:56","guid":{"rendered":"https:\/\/www.futurskinny.fr\/?page_id=415"},"modified":"2024-10-07T20:48:13","modified_gmt":"2024-10-07T18:48:13","slug":"les-nouveautees","status":"publish","type":"page","link":"https:\/\/www.futurskinny.fr\/index.php\/les-nouveautees\/","title":{"rendered":"Les Nouveaut\u00e9es !"},"content":{"rendered":"\t\t<div data-elementor-type=\"wp-page\" data-elementor-id=\"415\" class=\"elementor elementor-415\" data-elementor-settings=\"{&quot;ha_cmc_init_switcher&quot;:&quot;no&quot;}\">\n\t\t\t\t<div class=\"elementor-element elementor-element-215bbb9 e-con-full e-flex wpr-particle-no wpr-jarallax-no wpr-parallax-no wpr-sticky-section-no wpr-equal-height-no e-con e-parent\" data-id=\"215bbb9\" data-element_type=\"container\" data-e-type=\"container\" data-settings=\"{&quot;_ha_eqh_enable&quot;:false}\">\n\t\t\t\t<div class=\"elementor-element elementor-element-5172736 elementor-widget__width-initial elementor-widget elementor-widget-text-editor\" data-id=\"5172736\" data-element_type=\"widget\" data-e-type=\"widget\" data-widget_type=\"text-editor.default\">\n\t\t\t\t<div class=\"elementor-widget-container\">\n\t\t\t\t\t\t\t\t\t<p>\u00a0<\/p><p>La pressoth\u00e9rapie reprend le principe du drainage lymphatique,\u00a0<b>c&rsquo;est une technique de massage sous pression qui stimule la circulation sanguine et lymphatique<\/b>. Elle est indiqu\u00e9e pour traiter la r\u00e9tention d&rsquo;eau, les jambes lourdes, la cellulite, les douleurs musculaires et articulaires.<\/p><p><img fetchpriority=\"high\" decoding=\"async\" class=\"size-medium wp-image-436 aligncenter\" src=\"https:\/\/www.futurskinny.fr\/wp-content\/uploads\/2024\/10\/gros-plan-traitement-pressotherapie-au-centre-spa_637285-9469-300x200.jpg\" alt=\"\" width=\"300\" height=\"200\" srcset=\"https:\/\/www.futurskinny.fr\/wp-content\/uploads\/2024\/10\/gros-plan-traitement-pressotherapie-au-centre-spa_637285-9469-300x200.jpg 300w, https:\/\/www.futurskinny.fr\/wp-content\/uploads\/2024\/10\/gros-plan-traitement-pressotherapie-au-centre-spa_637285-9469-1024x683.jpg 1024w, https:\/\/www.futurskinny.fr\/wp-content\/uploads\/2024\/10\/gros-plan-traitement-pressotherapie-au-centre-spa_637285-9469-768x512.jpg 768w, https:\/\/www.futurskinny.fr\/wp-content\/uploads\/2024\/10\/gros-plan-traitement-pressotherapie-au-centre-spa_637285-9469.jpg 1380w\" sizes=\"(max-width: 300px) 100vw, 300px\" \/><\/p>\t\t\t\t\t\t\t\t<\/div>\n\t\t\t\t<\/div>\n\t\t\t\t<div class=\"elementor-element elementor-element-b0c3935 elementor-widget__width-initial elementor-widget elementor-widget-text-editor\" data-id=\"b0c3935\" data-element_type=\"widget\" data-e-type=\"widget\" data-widget_type=\"text-editor.default\">\n\t\t\t\t<div class=\"elementor-widget-container\">\n\t\t\t\t\t\t\t\t\t<ul class=\"a-unordered-list a-vertical a-spacing-mini\"><li class=\"a-spacing-mini\"><span class=\"a-list-item\"><strong><span style=\"text-decoration: underline;\">\u00a0D\u00e9couvrez les bienfaits des algues avec notre enveloppement minceur.<\/span><\/strong> <\/span><\/li><li class=\"a-spacing-mini\"><span class=\"a-list-item\">Ce produit \u00e0 base d&rsquo;algues laminaires, lessonia et fucus aide \u00e0 r\u00e9duire l&rsquo;inflammation et l&rsquo;intol\u00e9rance cutan\u00e9e, id\u00e9al pour les peaux sensibles et r\u00e9actives.\u00a0\u00a0<\/span><\/li><li class=\"a-spacing-mini\"><span class=\"a-list-item\">\ud83c\udf0a Notre cr\u00e8me d&rsquo;algues est un v\u00e9ritable concentr\u00e9 de thalassoth\u00e9rapie. Gr\u00e2ce \u00e0 sa richesse en min\u00e9raux et oligo-\u00e9l\u00e9ments, elle favorise la remise en forme et l&rsquo;affinement de la silhouette. Profitez d&rsquo;une v\u00e9ritable cure marine avec notre enveloppement minceur aux algues A<\/span><span class=\"a-list-item\">vec notre enveloppement minceur aux algues, en stimulant la circulation veineuse et lymphatique, il facilite le drainage et favorise l&rsquo;\u00e9limination des graisses en surcharge. Pour un effet lipolytique, nous le r\u00e9alisons avec un protocole incluant couverture sauna infrarouge.<\/span><\/li><li class=\"a-spacing-mini\"><span class=\"a-list-item\">\ud83c\udf31 Profitez des bienfaits de la mer avec notre enveloppement corporel minceur aux algues. Pendant leur croissance, les algues concentrent sels min\u00e9raux et oligo-\u00e9l\u00e9ments issus de l\u2019eau de mer. Ce soin a pour but de compl\u00e9ter l\u2019effet remin\u00e9ralisant de l\u2019eau de mer avec des algues dont la concentration en actifs marins est de 50 \u00e0 200 000 fois sup\u00e9rieure \u00e0 celle de l\u2019eau de mer<\/span><\/li><li class=\"a-spacing-mini\"><span class=\"a-list-item\">\ud83d\udec0 Immergez-vous dans l&rsquo;univers bleu &amp; marine avec notre enveloppement minceur aux algues. D\u00e9velopp\u00e9 dans les laboratoires en Bretagne, ce soin allie plaisir et performance pour ressourcer la peau et sublimer votre beaut\u00e9.\u00a0<\/span><\/li><\/ul>\t\t\t\t\t\t\t\t<\/div>\n\t\t\t\t<\/div>\n\t\t\t\t<div class=\"elementor-element elementor-element-f875587 elementor-widget__width-initial elementor-widget elementor-widget-image\" data-id=\"f875587\" data-element_type=\"widget\" data-e-type=\"widget\" data-widget_type=\"image.default\">\n\t\t\t\t<div class=\"elementor-widget-container\">\n\t\t\t\t\t\t\t\t\t\t\t\t\t\t\t<img decoding=\"async\" width=\"169\" height=\"300\" src=\"https:\/\/www.futurskinny.fr\/wp-content\/uploads\/2024\/01\/enveloppement-169x300.jpg\" class=\"attachment-medium size-medium wp-image-427\" alt=\"\" srcset=\"https:\/\/www.futurskinny.fr\/wp-content\/uploads\/2024\/01\/enveloppement-169x300.jpg 169w, https:\/\/www.futurskinny.fr\/wp-content\/uploads\/2024\/01\/enveloppement-576x1024.jpg 576w, https:\/\/www.futurskinny.fr\/wp-content\/uploads\/2024\/01\/enveloppement-768x1366.jpg 768w, https:\/\/www.futurskinny.fr\/wp-content\/uploads\/2024\/01\/enveloppement-864x1536.jpg 864w, https:\/\/www.futurskinny.fr\/wp-content\/uploads\/2024\/01\/enveloppement-1152x2048.jpg 1152w, https:\/\/www.futurskinny.fr\/wp-content\/uploads\/2024\/01\/enveloppement.jpg 1284w\" sizes=\"(max-width: 169px) 100vw, 169px\" \/>\t\t\t\t\t\t\t\t\t\t\t\t\t\t\t<\/div>\n\t\t\t\t<\/div>\n\t\t\t\t<\/div>\n\t\t<div class=\"elementor-element elementor-element-8c27ac7 e-flex e-con-boxed wpr-particle-no wpr-jarallax-no wpr-parallax-no wpr-sticky-section-no wpr-equal-height-no e-con e-parent\" data-id=\"8c27ac7\" data-element_type=\"container\" data-e-type=\"container\" data-settings=\"{&quot;_ha_eqh_enable&quot;:false}\">\n\t\t\t\t\t<div class=\"e-con-inner\">\n\t\t<div class=\"elementor-element elementor-element-84ef56f e-con-full e-flex wpr-particle-no wpr-jarallax-no wpr-parallax-no wpr-sticky-section-no wpr-equal-height-no e-con e-child\" data-id=\"84ef56f\" data-element_type=\"container\" data-e-type=\"container\" data-settings=\"{&quot;_ha_eqh_enable&quot;:false}\">\n\t\t\t\t<div class=\"elementor-element elementor-element-d726584 elementor-widget elementor-widget-text-editor\" data-id=\"d726584\" data-element_type=\"widget\" data-e-type=\"widget\" data-widget_type=\"text-editor.default\">\n\t\t\t\t<div class=\"elementor-widget-container\">\n\t\t\t\t\t\t\t\t\t<p><strong>La soci\u00e9t\u00e9 cor\u00e9enne de cosm\u00e9tiques professionnels\u00a0Medisco\u00a0est sp\u00e9cialis\u00e9e dans le renouvellement de la peau. Elle propose des produits pour l&rsquo;exfoliation\u00a0en profondeur\u00a0, le renouvellement de la peau\u00a0et la\u00a0r\u00e9g\u00e9n\u00e9ration\u00a0apr\u00e8s traitement.<\/strong><\/p><p><strong>J&rsquo;ai donc d\u00e9cid\u00e9 de travailler avec cette marque , comme skinceuticals.<\/strong><\/p>\t\t\t\t\t\t\t\t<\/div>\n\t\t\t\t<\/div>\n\t\t\t\t<div class=\"elementor-element elementor-element-dd13585 elementor-widget__width-initial elementor-widget elementor-widget-image\" data-id=\"dd13585\" data-element_type=\"widget\" data-e-type=\"widget\" data-widget_type=\"image.default\">\n\t\t\t\t<div class=\"elementor-widget-container\">\n\t\t\t\t\t\t\t\t\t\t\t\t\t\t\t<img decoding=\"async\" width=\"300\" height=\"300\" src=\"https:\/\/www.futurskinny.fr\/wp-content\/uploads\/2024\/10\/58522_0-300x300.jpg\" class=\"attachment-medium size-medium wp-image-474\" alt=\"\" srcset=\"https:\/\/www.futurskinny.fr\/wp-content\/uploads\/2024\/10\/58522_0-300x300.jpg 300w, https:\/\/www.futurskinny.fr\/wp-content\/uploads\/2024\/10\/58522_0-150x150.jpg 150w, https:\/\/www.futurskinny.fr\/wp-content\/uploads\/2024\/10\/58522_0-768x768.jpg 768w, https:\/\/www.futurskinny.fr\/wp-content\/uploads\/2024\/10\/58522_0.jpg 1024w\" sizes=\"(max-width: 300px) 100vw, 300px\" \/>\t\t\t\t\t\t\t\t\t\t\t\t\t\t\t<\/div>\n\t\t\t\t<\/div>\n\t\t\t\t<div class=\"elementor-element elementor-element-cda6f93 elementor-widget elementor-widget-image\" data-id=\"cda6f93\" data-element_type=\"widget\" data-e-type=\"widget\" data-widget_type=\"image.default\">\n\t\t\t\t<div class=\"elementor-widget-container\">\n\t\t\t\t\t\t\t\t\t\t\t\t\t\t\t<img loading=\"lazy\" decoding=\"async\" width=\"261\" height=\"193\" src=\"https:\/\/www.futurskinny.fr\/wp-content\/uploads\/2024\/10\/peeling.jpg\" class=\"attachment-large size-large wp-image-472\" alt=\"\" \/>\t\t\t\t\t\t\t\t\t\t\t\t\t\t\t<\/div>\n\t\t\t\t<\/div>\n\t\t\t\t<\/div>\n\t\t\t\t<div class=\"elementor-element elementor-element-54f38ff elementor-widget elementor-widget-ha-news-ticker happy-addon ha-news-ticker\" data-id=\"54f38ff\" data-element_type=\"widget\" data-e-type=\"widget\" data-settings=\"{&quot;speed&quot;:60}\" data-widget_type=\"ha-news-ticker.default\">\n\t\t\t\t<div class=\"elementor-widget-container\">\n\t\t\t\t\t\t\t\t<div class=\"ha-news-ticker-wrapper\" data-duration=\"60000\" data-scroll-direction=\"left\">\n\t\t\t\t\t\t\t\t\t<span class=\"ha-news-ticker-sticky-title\">\n\t\t\t\t\t\tBreaking News\t\t\t\t\t<\/span>\n\t\t\t\t\t\t\t\t<ul class=\"ha-news-ticker-container\">\n\t\t\t\t\t\t\t\t\t\t\t<li class=\"ha-news-ticker-item\">\n\t\t\t\t\t\t\t<h2 class=\"ha-news-ticker-title\"><a href=\"https:\/\/www.futurskinny.fr\/index.php\/2023\/03\/06\/bonjour-tout-le-monde\/\">Bonjour tout le monde\u00a0!<\/a><\/h2>\t\t\t\t\t\t<\/li>\n\t\t\t\t\t\t\t\t\t<\/ul>\n\t\t\t<\/div>\n\t\t\t\t\t\t<\/div>\n\t\t\t\t<\/div>\n\t\t\t\t<div class=\"elementor-element elementor-element-3f6fffb ha-infobox-media-dir-top elementor-widget elementor-widget-ha-infobox happy-addon ha-infobox\" data-id=\"3f6fffb\" data-element_type=\"widget\" data-e-type=\"widget\" data-widget_type=\"ha-infobox.default\">\n\t\t\t\t<div class=\"elementor-widget-container\">\n\t\t\t\t\t\n\t\t\t\t\t<figure class=\"ha-infobox-figure ha-infobox-figure--icon\">\n\t\t\t\t<svg class=\"e-font-icon-svg e-fas-dumbbell\" viewBox=\"0 0 640 512\" xmlns=\"http:\/\/www.w3.org\/2000\/svg\"><path d=\"M104 96H56c-13.3 0-24 10.7-24 24v104H8c-4.4 0-8 3.6-8 8v48c0 4.4 3.6 8 8 8h24v104c0 13.3 10.7 24 24 24h48c13.3 0 24-10.7 24-24V120c0-13.3-10.7-24-24-24zm528 128h-24V120c0-13.3-10.7-24-24-24h-48c-13.3 0-24 10.7-24 24v272c0 13.3 10.7 24 24 24h48c13.3 0 24-10.7 24-24V288h24c4.4 0 8-3.6 8-8v-48c0-4.4-3.6-8-8-8zM456 32h-48c-13.3 0-24 10.7-24 24v168H256V56c0-13.3-10.7-24-24-24h-48c-13.3 0-24 10.7-24 24v400c0 13.3 10.7 24 24 24h48c13.3 0 24-10.7 24-24V288h128v168c0 13.3 10.7 24 24 24h48c13.3 0 24-10.7 24-24V56c0-13.3-10.7-24-24-24z\"><\/path><\/svg>\t\t\t<\/figure>\n\t\t\n\t\t<div class=\"ha-infobox-body\">\n\t\t\t<h2 class=\"ha-infobox-title\">News de derni\u00e8re minute !<\/h2>\n\t\t\t\t\t\t\t<div class=\"ha-infobox-text\">\n\t\t\t\t\t<p>Je suis Coaching Minceur, bien \u00eatre et nutrition. Je m'appelle Virginie et je suis ravie de pouvoir vous aider!\nD\u00e8s lors que vous sollicitez mon accompagnement,  nous travaillons ensemble pour atteindre vos objectifs.\nIl s'agit d'un processus, tr\u00e8s complet et sur le long terme.\nEn effet vous \u00eates unique et cela \u00e0 toute son importance!!\n\nD'un simple soutient, au coaching intense je  suis certaine de vous apportez ce dont vous m\u00e9ritez enfin !\n<\/p>\n\t\t\t\t<\/div>\n\t\t\t\n\t\t\t\t\t\t\t<a class=\"ha-btn ha-btn--link ha-btn--icon-after\" href=\"https:\/\/www.treatwell.fr\/salon\/futurskinny\/\"><span class=\"ha-btn-text\">Prendre RDV<\/span> <i class=\"ha-btn-icon icon icon-agenda\" aria-hidden=\"true\"><\/i><\/a>\n\t\t\t\t\t\t<\/div>\n\t\t\t\t\t\t<\/div>\n\t\t\t\t<\/div>\n\t\t\t\t\t<\/div>\n\t\t\t\t<\/div>\n\t\t\t\t<\/div>\n\t\t","protected":false},"excerpt":{"rendered":"<p>\u00a0 La pressoth\u00e9rapie reprend le principe du drainage lymphatique,\u00a0c&rsquo;est une technique de massage sous pression qui stimule la circulation sanguine et lymphatique. Elle est indiqu\u00e9e pour traiter la r\u00e9tention d&rsquo;eau, les jambes lourdes, la cellulite, les douleurs musculaires et articulaires. \u00a0D\u00e9couvrez les bienfaits des algues avec notre enveloppement minceur. Ce produit \u00e0 base d&rsquo;algues laminaires, lessonia et fucus aide \u00e0 r\u00e9duire l&rsquo;inflammation et l&rsquo;intol\u00e9rance cutan\u00e9e, id\u00e9al pour les peaux sensibles et r\u00e9actives.\u00a0\u00a0 \ud83c\udf0a Notre cr\u00e8me d&rsquo;algues est un v\u00e9ritable concentr\u00e9 de thalassoth\u00e9rapie. Gr\u00e2ce \u00e0 sa richesse en min\u00e9raux et oligo-\u00e9l\u00e9ments, elle favorise la remise en forme et l&rsquo;affinement de la silhouette. Profitez d&rsquo;une v\u00e9ritable cure marine avec notre enveloppement minceur aux algues Avec notre enveloppement minceur aux algues, en stimulant la circulation veineuse et lymphatique, il facilite le drainage et favorise l&rsquo;\u00e9limination des graisses en surcharge. Pour un effet lipolytique, nous le r\u00e9alisons avec un protocole incluant couverture sauna infrarouge. \ud83c\udf31 Profitez des bienfaits de la mer avec notre enveloppement corporel minceur aux algues. Pendant leur croissance, les algues concentrent sels min\u00e9raux et oligo-\u00e9l\u00e9ments issus de l\u2019eau de mer. Ce soin a pour but de compl\u00e9ter l\u2019effet remin\u00e9ralisant de l\u2019eau de mer avec des algues dont la concentration en actifs marins est de 50 \u00e0 200 000 fois sup\u00e9rieure \u00e0 celle de l\u2019eau de mer \ud83d\udec0 Immergez-vous dans l&rsquo;univers bleu &amp; marine avec notre enveloppement minceur aux algues. D\u00e9velopp\u00e9 dans les laboratoires en Bretagne, ce soin allie plaisir et performance pour ressourcer la peau et sublimer votre beaut\u00e9.\u00a0 La soci\u00e9t\u00e9 cor\u00e9enne de cosm\u00e9tiques professionnels\u00a0Medisco\u00a0est sp\u00e9cialis\u00e9e dans le renouvellement de la peau. Elle propose des produits pour l&rsquo;exfoliation\u00a0en profondeur\u00a0, le renouvellement de la peau\u00a0et la\u00a0r\u00e9g\u00e9n\u00e9ration\u00a0apr\u00e8s traitement. J&rsquo;ai donc d\u00e9cid\u00e9 de travailler avec cette marque , comme skinceuticals. Breaking News Bonjour tout le monde\u00a0! News de derni\u00e8re minute ! Je suis Coaching Minceur, bien \u00eatre et nutrition. Je m&rsquo;appelle Virginie et je suis ravie de pouvoir vous aider! D\u00e8s lors que vous sollicitez mon accompagnement, nous travaillons ensemble pour atteindre vos objectifs. Il s&rsquo;agit d&rsquo;un processus, tr\u00e8s complet et sur le long terme. En effet vous \u00eates unique et cela \u00e0 toute son importance!! D&rsquo;un simple soutient, au coaching intense je suis certaine de vous apportez ce dont vous m\u00e9ritez enfin ! Prendre RDV<\/p>\n","protected":false},"author":1,"featured_media":0,"parent":0,"menu_order":0,"comment_status":"closed","ping_status":"closed","template":"","meta":{"site-sidebar-layout":"no-sidebar","site-content-layout":"page-builder","ast-global-header-display":"","ast-banner-title-visibility":"","ast-main-header-display":"","ast-hfb-above-header-display":"","ast-hfb-below-header-display":"","ast-hfb-mobile-header-display":"","site-post-title":"disabled","ast-breadcrumbs-content":"","ast-featured-img":"disabled","footer-sml-layout":"","theme-transparent-header-meta":"","adv-header-id-meta":"","stick-header-meta":"","header-above-stick-meta":"","header-main-stick-meta":"","header-below-stick-meta":"","footnotes":""},"class_list":["post-415","page","type-page","status-publish","hentry"],"_links":{"self":[{"href":"https:\/\/www.futurskinny.fr\/index.php\/wp-json\/wp\/v2\/pages\/415","targetHints":{"allow":["GET"]}}],"collection":[{"href":"https:\/\/www.futurskinny.fr\/index.php\/wp-json\/wp\/v2\/pages"}],"about":[{"href":"https:\/\/www.futurskinny.fr\/index.php\/wp-json\/wp\/v2\/types\/page"}],"author":[{"embeddable":true,"href":"https:\/\/www.futurskinny.fr\/index.php\/wp-json\/wp\/v2\/users\/1"}],"replies":[{"embeddable":true,"href":"https:\/\/www.futurskinny.fr\/index.php\/wp-json\/wp\/v2\/comments?post=415"}],"version-history":[{"count":23,"href":"https:\/\/www.futurskinny.fr\/index.php\/wp-json\/wp\/v2\/pages\/415\/revisions"}],"predecessor-version":[{"id":477,"href":"https:\/\/www.futurskinny.fr\/index.php\/wp-json\/wp\/v2\/pages\/415\/revisions\/477"}],"wp:attachment":[{"href":"https:\/\/www.futurskinny.fr\/index.php\/wp-json\/wp\/v2\/media?parent=415"}],"curies":[{"name":"wp","href":"https:\/\/api.w.org\/{rel}","templated":true}]}}